highest common factor of f and 10.
5
Let i be (38/(-57))/((-1)/(-15)). Let z be 99 - (1 + (-5)/(i/4)). What is the highest common factor of 64 and z?
32
Suppose -984 = -31*b + 566. What is the greatest common divisor of 4 and b?
2
Let x(w) = w**3 - 7*w**2 - 8. Let l be x(7). Let y be (-2)/l - 126/(-8). Let i = 979 - 939. What is the greatest common divisor of i and y?
8
Suppose 343 = 8*r + 87. What is the greatest common factor of r and 496?
16
Suppose -5*v + 22 = -g + 148, -3*g - v = -346. What is the greatest common factor of 551 and g?
29
Let s(k) = -60*k + 51. Let w be s(-14). What is the highest common divisor of w and 33?
33
Suppose -178*h + 26352 = -124*h. Calculate the highest common divisor of h and 32.
8
Let f(t) = t**3 - 18*t**2 - 24*t + 137. Let l be f(19). What is the greatest common divisor of l and 270?
6
Suppose 0 = 5*v + 8*v - 26. Let y be (3 - -3)*v*14. Let j = -2 - -26. Calculate the greatest common divisor of y and j.
24
Let z(s) = s**2 - 2*s - 16. Let o be z(5). Let v be 23 - -3 - (-3 - o)*1. What is the highest common factor of v and 21?
7
Let b(z) be the second derivative of z**4/4 - z**3 - 2*z**2 - 12*z. Let p be b(8). Suppose -2*g - 10 = -66. What is the highest common factor of p and g?
28
Let i = -310 - -350. Suppose 0 = -0*j - 2*j + 160. What is the greatest common divisor of j and i?
40
Let x(d) = -14*d - 3. Let a be x(2). Let i = 42 + a. What is the greatest common divisor of 121 and i?
11
Suppose 0 = 2*z + z + 2*a - 19, 4*z - 20 = -4*a. What is the greatest common divisor of 1233 and z?
9
Suppose -12*u = -8*u - 56. Suppose 2*j = 54 - u. Let n = 343 - 163. What is the greatest common divisor of n and j?
20
Suppose 4*v + 11 + 33 = 0. Let x = v + 22. Let j = 211 - 134. What is the highest common factor of j and x?
11
Let o be 3*(8/3)/(2/2). Let m = 17 + o. Calculate the greatest common factor of 5 and m.
5
Suppose 5*f + 4*i - 372 = 17, -2*i + 235 = 3*f. Calculate the greatest common divisor of 1377 and f.
81
Let m = -5 + 11. Let d(o) = -o**2 + 26*o + 1. Let f be d(26). Suppose 2*k = q + f, -5*k - 5*q + q + 35 = 0. Calculate the greatest common divisor of k and m.
3
Let h(f) = -39*f - 345. Let r be h(-10). Suppose -60 = -3*l + l. What is the highest common divisor of r and l?
15
Let t = -11 + 17. Let g(u) = -u**2 + 9*u - 6. Let v(m) = -m. Let y(c) = g(c) - v(c). Let r be y(t). What is the greatest common factor of r and 126?
18
Let u be (-32)/(-24) + (-4)/(-6). Let k(s) = -s**2 + 18*s + 7. Let t be k(9). Suppose -3*h - h + t = 0. Calculate the greatest common divisor of u and h.
2
Let b(m) = m**3 + 47*m**2 - 59*m - 484. Let x be b(-48). What is the highest common divisor of x and 1342?
22
Suppose -19*a + 16651 = 3750. Calculate the greatest common factor of a and 7.
7
Let m = -186 - -15. Let h = -31 - m. Suppose d + 5*w - 10 = 0, -3 = -3*w - 9. What is the highest common divisor of h and d?
20
Let v be -3 - 0 - 209/(-11). Let a be (20/(-6))/((-2)/(-9)). Let j = 17 - a. What is the greatest common divisor of j and v?
16
Let b be ((-15)/6)/(6/(-120)). Calculate the highest common factor of 350 and b.
50
Let p = -22 - -24. Suppose 0*x = p*x - 22. Suppose -2*f = -x + 1. What is the greatest common factor of 5 and f?
5
Let o(s) = s + 5. Let b be o(-4). Let t(i) = 5 + b + 4 - 59*i - 8. Let z be t(-2). What is the highest common divisor of 15 and z?
15
Suppose 5*x = -s - s + 188, -503 = -5*s + 4*x. Let y = 21 - 12. What is the highest common divisor of y and s?
9
Let w be ((-12)/22)/3 - 1845/(-165). Let a(u) = u**2 + u + 13. Let n be a(4). Calculate the highest common divisor of n and w.
11
Let r = 1164 - 1140. Let n(l) = 265*l**2 - 1. Let o be n(-1). Calculate the greatest common divisor of o and r.
24
Let b = -532 - -610. What is the greatest common factor of b and 6?
6
Let v(i) = i**3 + 11*i**2 - 10*i - 20. Let p be v(-10). What is the highest common factor of 120 and p?
60
Let v be 7/(-2)*48/126*-3. What is the greatest common factor of v and 124?
4
Let m(d) = d**3 + 27*d**2 + 7*d + 22. Let f be m(-9). What is the highest common divisor of f and 26?
13
Let l be 161/3 - (-15)/45. Let n = l - -46. Calculate the highest common factor of n and 150.
50
Let g = -5 - -1. Let s be (-34)/g + (-2)/(-4) + 0. What is the highest common divisor of s and 36?
9
Let c = -76 - -112. Let l be (-2)/(-2) + 81 + -22. What is the greatest common factor of c and l?
12
Let a = 21 - 13. Let q be ((-14)/(-3))/((-20)/30). Let z = a + q. What is the greatest common factor of 8 and z?
1
Let c(q) = -3 + 23*q**2 - 21*q**2 + 0 + 2. Let z be c(1). What is the highest common divisor of 11 and z?
1
Let v = -216 - -225. What is the greatest common divisor of 1719 and v?
9
Suppose 2*m + 4 = 0, 2*m = 3*p - 2*m - 17. Suppose -2*h = y - 0*y - 42, 0 = -p*h + 5*y + 63. What is the highest common divisor of 189 and h?
21
Let l(u) = u**2 - 41*u + 405. Let a be l(26). What is the greatest common divisor of a and 125?
5
Let z(q) = -3*q**2 + 5*q + 5. Let c be z(-3). Suppose -4*x - 296 = 2*v, -2*x + 7*x = 5*v - 355. Let t = c - x. Calculate the highest common factor of t and 90.
18
Let m(j) = -2*j + 41. Let u be m(14). Calculate the greatest common factor of u and 130.
13
Suppose -i - 4*j = -45, 4*i + 26*j = 31*j + 117. What is the highest common factor of i and 231?
33
Let z = -1300 - -1313. What is the highest common divisor of z and 4927?
13
Let m = 64 - 43. Suppose 0*l = -2*l - 56. Let k be (1 - 2)/(2/l). What is the greatest common factor of m and k?
7
Let b be ((-12)/16)/(3*6/(-43056)). What is the highest common factor of b and 23?
23
Let a = -27 + 302. Suppose a = 5*v - 25. Let u(b) = -b**2 + 8*b. Let q be u(6). What is the highest common factor of v and q?
12
Let g = -408 - -484. What is the greatest common divisor of g and 133?
19
Let t(a) = -a**2 + 37*a + 69. Let f be t(15). Calculate the highest common factor of f and 63.
21
Let g be (6/(-4) - -3)/(9/138). Suppose 0 = 5*y - 0*y - 210. Suppose -3*i + 111 = y. Calculate the highest common factor of g and i.
23
Let d be 5015/15 + 4 - (-1)/(-3). Calculate the highest common divisor of 78 and d.
26
Let y(v) = 30*v + 256. Let c be y(-7). What is the greatest common factor of c and 299?
23
Let m(p) = p - 1. Let c(x) = -x**2 + 2*x - 10. Let v(b) = -c(b) - 4*m(b). Let s be v(10). What is the highest common factor of 378 and s?
54
Let j(m) = -9*m + 179. Let b be j(13). Calculate the greatest common divisor of b and 4.
2
Let u be 4/(-74) + 7120/296. Suppose -q + 32 = 3*q. What is the highest common factor of q and u?
8
Suppose -a - 2*u + 85 + 23 = 0, -3*a + 3*u + 279 = 0. What is the greatest common factor of a and 245?
49
Let h(v) = -v**2 - 3*v + 4. Let p be h(-3). Suppose -p = -19*i + 17*i. What is the greatest common factor of i and 18?
2
Let p = 122 + -26. Suppose 4 = 4*t - 4. Suppose r - 11 = -t*h + 12, 4*r = -4*h + 44. What is the greatest common factor of h and p?
12
Suppose 0 = 11*u - 7 - 136. Let q = 11 + 54. Calculate the highest common divisor of q and u.
13
Suppose -38 = -2*d + 128. Let f = d - -8. Suppose -f = -h - 27. What is the highest common divisor of h and 16?
16
Let g be (28/(-20))/(5/25). Let s(a) = -39*a - 20. Let l be s(g). Suppose -5*d + 4*d = -23. Calculate the greatest common divisor of d and l.
23
Let a be (-14 - -12)/(3/(-120)). Let f(z) = -7*z + 9. Let c(n) = -n. Let s(q) = -6*c(q) + f(q). Let b be s(-7). Calculate the greatest common factor of b and a.
16
Let f = 2406 - 2290. What is the greatest common factor of 319 and f?
29
Let t = 27 - -18. Let i = 67 - t. What is the greatest common factor of i and 11?
11
Suppose -5*o = p - 24, p + o - 21 = 7. Let l be 28/(-21)*(1 + p). Let y be l/(-4) - (1 - 3). Calculate the highest common factor of y and 12.
12
Let r = 188 + -170. Let b(j) = 21*j**2 + j + 2. Let h be b(4). Calculate the greatest common divisor of h and r.
18
Suppose 2104 = -2*r + 4*o, -2*r - r + 3*o = 3168. Let s be r/(-15) + (-2)/(-6). Suppose 3*f + 14 = s. Calculate the greatest common divisor of 171 and f.
19
Let w be (4 - (5 - 33)) + -3. Calculate the greatest common factor of 116 and w.
29
Let q(x) = -6*x + 85. Let h be q(0). Let w = h + -64. Calculate the greatest common factor of 35 and w.
7
Let g = -313 - -327. Calculate the highest common divisor of 252 and g.
14
L